-4*r + 68 = -3*t - 61. Let b = r + -18. What are the prime factors of b?
3, 5
Let k be (-2)/(-8) - (-39)/4. Let s = 16 - k. Suppose 0 - s = -w. List the prime factors of w.
2, 3
Suppose -2*s - b + 0*b = -21, 0 = -5*s - 3*b + 54. List the prime factors of s.
3
Suppose -9 = -o + 9. List the prime factors of o.
2, 3
Suppose 0*o = 2*q + o - 267, 4*q + 5*o - 525 = 0. What are the prime factors of q?
3, 5
Let x = -18 + 19. Suppose -4*r + 4 = -2*r. Let h = x + r. What are the prime factors of h?
3
What are the prime factors of (-5)/(4 + 26/(-6))?
3, 5
Let o = 78 + -39. Let q = -17 + o. List the prime factors of q.
2, 11
Suppose 16*x - 3054 = 1346. List the prime factors of x.
5, 11
Let k(x) = -2*x**3 - 14*x**2 + 4*x - 9. List the prime factors of k(-8).
3, 29
Let f(a) = 5*a**2 + a + 5. List the prime factors of f(-3).
47
Let b(y) = -y + 7. Let f = -13 - -26. Let n = 18 - f. List the prime factors of b(n).
2
Suppose 3*y - s = -y - 38, 5*y - 4*s = -42. What are the prime factors of 5/y - (-102)/4?
5
Let d(h) = h**2 - 8*h + 5. Suppose -4*p - p = -40. What are the prime factors of d(p)?
5
Suppose 3*a - 9 - 6 = 0. Suppose 4*o = -b + 12 - 2, -3*o = 2*b - a. What are the prime factors of (b/3)/1*-9?
2, 3
Let w(c) = -6*c**2 + 2*c + 2. Let y be w(2). Let v be (y/(-21))/(2/42). Let a = v - 10. List the prime factors of a.
2
Let h(j) = -j + 6. Let t be h(4). List the prime factors of 3/(-6)*(-22 - t).
2, 3
Let q = -5 + 9. Suppose -q*v = -3*v + 1. What are the prime factors of (-6 + 5)*2*v?
2
List the prime factors of (-12)/(-16) - 4179/(-12).
349
Suppose 3*p = 15, 3*n = -0*n - 3*p - 12. Let v = 72 + -96. Let s = n - v. List the prime factors of s.
3, 5
Let o be (-9)/6*4/(-3). Suppose -12 = 2*n + o*n. What are the prime factors of (-12 - -3)/(n/2)?
2, 3
Let c be 4/6 + (-232)/24. Let p = c + 18. List the prime factors of p.
3
Suppose -2*s + 3*d + 76 = 0, -4*s + 0*d = -2*d - 144. What are the prime factors of 1075/s - 2/(-7)?
31
Suppose o - 5*i = 27, -i + 135 = 5*o + 3*i. List the prime factors of (8/3)/(6/o).
2, 3
Let s = 79 + 1. Suppose -6*j + s = -4*j. List the prime factors of j.
2, 5
Let s = 11 + -6. Suppose g - 5*g + b = -63, -4*b + 71 = 3*g. Suppose 2 = -2*x, -2*y + g = y - s*x. List the prime factors of y.
2
Suppose 0*v - 22 = -2*v. Suppose -3*t - 35 = -v. Let j = t - -14. List the prime factors of j.
2, 3
Suppose -u = -0*u - 1. Let w = 0 + u. What are the prime factors of (-5)/(-15)*9/w?
3
Let k = 18 - 12. Let v = -2 + k. What are the prime factors of v?
2
Suppose -5*t = -20 - 35. List the prime factors of t.
11
Let s be 1/1 + (-61)/(-1). Suppose s = 5*q - 8. List the prime factors of q.
2, 7
Suppose 3*y = 2*b - 467, -2*b + 2*y - 134 = -600. Suppose -t = 5*p - b, -4*t - t = -10. List the prime factors of p.
2, 23
Suppose 5*y + 3*v = 155, -y + 6*v + 31 = 2*v. What are the prime factors of y?
31
Let d(s) = 2*s + 370. What are the prime factors of d(0)?
2, 5, 37
Suppose -525 = -5*w + 4*y + y, y = 1. List the prime factors of w.
2, 53
Let v(f) = -f. Suppose -9 = 4*d + 27. What are the prime factors of v(d)?
3
Suppose -24 = -5*u + 11. Suppose 0 = -2*r - u + 17. List the prime factors of r.
5
Let c = -16 - -31. Suppose -z + 5*f + 14 = 0, -5*z - 3*f + 57 = c. What are the prime factors of z?
3
Let l(t) = -t**3 + 13*t**2 - 5*t - 8. Let d be l(5). Suppose -5*h - 175 = -5*j, 4*j - 5*h + 25 = d. List the prime factors of j.
3, 11
Suppose 0 = 4*v - v - 21. List the prime factors of v.
7
List the prime factors of (0 + -25)*(-4)/5.
2, 5
Suppose 1077 - 15 = 9*m. What are the prime factors of m?
2, 59
Suppose 52 = -4*o + 244. Let t(y) = y**3 + 5*y**2 - 6*y + 3. Let x be t(-6). Suppose 5*u + x = o. What are the prime factors of u?
3
Let r(y) = -2*y**2 + 6*y + 6. Let z be r(5). Let v = -3 - z. List the prime factors of v.
11
Suppose 2*t = -2*t + 64. Let c = t + -1. List the prime factors of c.
3, 5
Let j(z) = -4*z**2 + z. Let q be j(-2). Let s(a) = a**3 - 9*a**2 + 9*a + 7. Let p be s(7). Let x = q - p. List the prime factors of x.
2, 5
Suppose 0 = -3*n - 0*n. Let x(f) = 4*f**3 + n*f**3 - 5*f**2 - 3*f**3 + 4 + 2*f. What are the prime factors of x(5)?
2, 7
Let o(i) = -i**2 - i. Let a be o(1). List the prime factors of -1 - 1*(a + -7).
2
Let l = 67 - 33. What are the prime factors of l?
2, 17
Suppose 5*j + 5*m = -5, 0*j + 4*j - 2*m - 14 = 0. Suppose -5*f = -3*a + 53, -j*a + 120 = 5*f + 43. What are the prime factors of a?
2, 13
Let n(p) = 2*p**2 + 4*p - 19. What are the prime factors of n(3)?
11
Suppose -5*r + 68 = -12. Let n = r - -4. Suppose -2*u = -4*o - n, -50 = -5*u - o - 0*o. What are the prime factors of u?
2, 5
Let r be 2/9 + 1500/54. Suppose -5*g + 187 = -r. What are the prime factors of g?
43
Let j(c) = 4*c**2 - 1. Let w = 0 - -5. Suppose 1 - w = -4*m. What are the prime factors of j(m)?
3
Suppose n + 2*q - 5 = -3*q, 4*q - 4 = 0. Let h(s) = 4*s + 9 + 10*s**2 + 5*s + n*s + s**3 + 2. What are the prime factors of h(-9)?
11
Suppose 0 = 5*t - 65 + 5. Let v be t/(-6)*2/4. List the prime factors of (-2)/(-2)*(2 - v).
3
Suppose -4*y = -6*y. Suppose 2*u + 2*w + 3*w = 101, y = u - 4*w - 18. List the prime factors of u.
2, 19
Suppose 0 = -5*y - 4 + 24. Suppose 0 = y*b - b - 42. What are the prime factors of b?
2, 7
Let a be (27/45)/((-1)/(-5)). Suppose 5*z + 5*t = z + 87, 3*z - 63 = -a*t. What are the prime factors of z?
2, 3
Suppose -4*f - 6*k + 9*k = -696, 2*f + k - 358 = 0. What are the prime factors of f?
3, 59
Let y = 12 - 7. Suppose -4*k + 65 = -y*a, -3*k + a = -a - 47. What are the prime factors of k?
3, 5
Suppose 0 = -b - 2*b + 378. List the prime factors of b.
2, 3, 7
Let f be 3/12*4*(-6 + -2). Suppose -5*u + 65 = -10. Let n = f + u. What are the prime factors of n?
7
Let h = 83 + -53. What are the prime factors of h?
2, 3, 5
Let o(c) = c**3 - 11*c**2 + 11*c - 3. Let x(q) = -q**3 - 6*q**2 - 4*q + 7. Let j be x(-5). Let n be 10/((0 - 1) + j). What are the prime factors of o(n)?
7
Let b be ((-4)/(-2) + -1)*-2. Let s be (5/(-3))/(b/(-6)). What are the prime factors of s/((-1 + 4)/(-6))?
2, 5
Suppose 43*j = 42*j + 135. List the prime factors of j.
3, 5
Let f(a) be the third derivative of a**4/3 + a**3/6 + 3*a**2. List the prime factors of f(1).
3
Suppose 0 = -2*d + d - 4. Let r be ((-1)/3)/(d/84). Let l = r - 2. What are the prime factors of l?
5
Let u(i) be the first derivative of -i**2 - 9*i + 2. Let d be u(-6). Suppose -q - d = 3*a, 0 = -5*q + a + 3*a + 80. List the prime factors of q.
2, 3
Let u(z) = 2*z - 5. Let v be u(5). Suppose 3*y = -k + 32, 2*k - 4*k + 55 = v*y. What are the prime factors of y?
3
Suppose -4*y + 14 = z + 2*z, 4*z = -y + 10. Let j = 0 + y. Suppose j*a + 44 = 6*a. List the prime factors of a.
11
Let j(y) = 2*y**2 + 3*y - 1. Let w be j(-6). Let l = -38 + w. What are the prime factors of l?
3, 5
Let x be (-4)/18 - 2/(-9). Let n(d) = -47*d**3 - d. Let w be n(-1). Suppose 2*z - 6*z + w = x. What are the prime factors of z?
2, 3
Let h(y) = -y + 10. Let x be h(0). Suppose 4*j - 3*j = 5. Suppose -j*f + x = -4*f. List the prime factors of f.
2, 5
What are the prime factors of 8340/150*(-5)/(-2)?
139
Suppose -7*g + 4*t = -2*g - 191, -4*g + t = -144. Suppose f = 17 + g. List the prime factors of f.
2, 13
Let u = 6 - -12. Let l be (24/u)/((-2)/12). Let y(m) = -m + 3. What are the prime factors of y(l)?
11
Let i(r) = 2*r - 6. Suppose -2*j + 4 = 3*f - 3, -j + 3*f + 8 = 0. Suppose -j - 5 = -k. What are the prime factors of i(k)?
2, 7
Suppose -s = c - 1, -2*c = -2*s + s + 1. Let o(q) = -q + 29. Let a be o(c). Suppose 31 = 4*b - a. List the prime factors of b.
3, 5
Let n be 0 + (-1 - 0) + 43. Suppose -3*r + 89 = 5*a, -2*a + 0*r + 2*r + n = 0. Let o = -1 + a. What are the prime factors of o?
2, 3
Let v = 38 + -8. Suppose -15 = -5*w + v. Suppose -w = -3*z + 9. List the prime factors of z.
2, 3
List the prime factors of 16/(-6)*(-873)/12 + -3.
191
Suppose -6*b + 5*b = -5. What are the prime factors of b?
5
Suppose 5*d - b - 45 = 0, -d + 55 = 3*d + 3*b. Let o = -7 + d. Let y = o + -1. List the prime factors of y.
2
Suppose -3*j + 100 = -11. What are the prime factors of j?
37
Let l = -19 - -82. Suppose -9*d = -4*a - 4*d - 125, -2*a = -3*d + l. Let c = a - -43. What are the prime factors of c?
13
Let b = 0 + -3. Let y = -8 + b. List the prime factors of (-6)/33 -